44?
2, 2193311
List the prime factors of 252507.
3, 73, 1153
What are the prime factors of 638378?
2, 13, 43, 571
What are the prime factors of 947856?
2, 3, 7, 13, 31
What are the prime factors of 3689234?
2, 1844617
List the prime factors of 3710458.
2, 1855229
List the prime factors of 738884.
2, 184721
List the prime factors of 4776317.
7, 13, 73, 719
What are the prime factors of 191244?
2, 3, 15937
What are the prime factors of 3484834?
2, 31, 56207
List the prime factors of 244476.
2, 3, 6791
List the prime factors of 5252590.
2, 5, 7, 75037
What are the prime factors of 307131?
3, 11, 41, 227
List the prime factors of 796557.
3, 79, 3361
What are the prime factors of 1755892?
2, 29, 15137
What are the prime factors of 858490?
2, 5, 293
What are the prime factors of 1071866?
2, 19, 67, 421
List the prime factors of 11326510.
2, 5, 13, 151, 577
What are the prime factors of 571639?
523, 1093
List the prime factors of 366288.
2, 3, 13, 587
List the prime factors of 15357339.
3, 19, 89809
List the prime factors of 26647474.
2, 7, 37, 7349
List the prime factors of 4322510.
2, 5, 432251
What are the prime factors of 120152?
2, 23, 653
List the prime factors of 379010.
2, 5, 151, 251
What are the prime factors of 2729947?
11, 248177
List the prime factors of 21865789.
11, 19, 9511
List the prime factors of 2625041.
83, 31627
List the prime factors of 39073.
41, 953
List the prime factors of 1842130.
2, 5, 41, 4493
List the prime factors of 9295811.
7, 1327973
List the prime factors of 3141242.
2, 13, 120817
What are the prime factors of 210822?
2, 3, 41, 857
What are the prime factors of 477494?
2, 238747
What are the prime factors of 1323029?
23, 41, 61
What are the prime factors of 7216137?
3, 661, 1213
What are the prime factors of 9009178?
2, 233, 19333
What are the prime factors of 58588?
2, 97, 151
List the prime factors of 7624761.
3, 71, 35797
List the prime factors of 59877.
3, 6653
What are the prime factors of 2406227?
2406227
What are the prime factors of 11673325?
5, 271, 1723
What are the prime factors of 2313102?
2, 3, 11, 101, 347
List the prime factors of 3749728.
2, 37, 3167
What are the prime factors of 38661990?
2, 3, 5, 1288733
List the prime factors of 1087184.
2, 7, 17, 571
List the prime factors of 386300.
2, 5, 3863
List the prime factors of 278890.
2, 5, 167
What are the prime factors of 186626?
2, 11, 17, 499
What are the prime factors of 11221177?
11, 92737
What are the prime factors of 658959?
3, 7, 31379
What are the prime factors of 229221?
3, 25469
List the prime factors of 607663.
7, 47, 1847
List the prime factors of 570695.
5, 157, 727
List the prime factors of 3688894.
2, 11, 167677
What are the prime factors of 2082566?
2, 1041283
List the prime factors of 560625.
3, 5, 13, 23
List the prime factors of 499253.
499253
What are the prime factors of 14957335?
5, 43, 73, 953
List the prime factors of 19626667.
163, 347
List the prime factors of 251636.
2, 7, 11, 19, 43
List the prime factors of 3988089.
3, 7, 21101
What are the prime factors of 7994081?
7994081
What are the prime factors of 2243823?
3, 747941
List the prime factors of 267320.
2, 5, 41, 163
What are the prime factors of 83482?
2, 7, 67, 89
List the prime factors of 3054795.
3, 5, 203653
What are the prime factors of 1518597?
3, 31, 5443
List the prime factors of 416830.
2, 5, 73, 571
What are the prime factors of 1005019?
1005019
What are the prime factors of 4388392?
2, 19, 28871
What are the prime factors of 14460116?
2, 11, 328639
List the prime factors of 12993321.
3, 11, 17, 19, 23, 53
What are the prime factors of 298331?
11, 37, 733
What are the prime factors of 1104227?
67, 16481
List the prime factors of 2132139.
3, 710713
List the prime factors of 5329109.
17, 313477
What are the prime factors of 9833011?
47, 209213
What are the prime factors of 886120?
2, 5, 22153
What are the prime factors of 256472?
2, 32059
What are the prime factors of 1012704?
2, 3, 7, 11, 137
List the prime factors of 236231.
236231
List the prime factors of 21510689.
599, 35911
What are the prime factors of 3186012?
2, 3, 73, 3637
List the prime factors of 762809.
762809
What are the prime factors of 134900?
2, 5, 19, 71
List the prime factors of 280824.
2, 3, 11701
What are the prime factors of 141459?
3, 61, 773
List the prime factors of 4457707.
31, 143797
List the prime factors of 11399805.
3, 5, 84443
List the prime factors of 301491.
3, 139, 241
List the prime factors of 289129.
289129
List the prime factors of 1718902.
2, 557, 1543
List the prime factors of 41275.
5, 13, 127
What are the prime factors of 246372?
2, 3, 7, 419
What are the prime factors of 128732?
2, 32183
What are the prime factors of 4132304?
2, 11, 53, 443
What are the prime factors of 2168837?
11, 71, 2777
List the prime factors of 2547663.
3, 849221
What are the prime factors of 9214?
2, 17, 271
What are the prime factors of 62811?
3, 7, 997
What are the prime factors of 39665?
5, 7933
List the prime factors of 291517.
19, 67, 229
List the prime factors of 24350.
2, 5, 487
What are the prime factors of 3992954?
2, 7, 73, 3907
What are the prime factors of 6023535?
3, 5, 7, 57367
List the prime factors of 33419054.
2, 31, 79, 6823
What are the prime factors of 892945?
5, 271, 659
What are the prime factors of 5970565?
5, 89, 13417
List the prime factors of 7502610.
2, 3, 5, 17, 47, 313
What are the prime factors of 10059345?
3, 5, 31, 7211
List the prime factors of 816603.
3, 272201
List the prime factors of 4585.
5, 7, 131
What are the prime factors of 172757?
13, 97, 137
List the prime factors of 318840.
2, 3, 5, 2657
What are the prime factors of 15568061?
53, 83, 3539
What are the prime factors of 266882?
2, 7, 11, 1733
What are the prime factors of 907275?
3, 5, 12097
List the prime factors of 2211109.
2211109
What are the prime factors of 283224?
2, 3, 11801
List the prime factors of 11983052.
2, 2995763
What are the prime factors of 282329?
47, 6007
What are the prime factors of 222784?
2, 59
What are the prime factors of 167217?
3, 139, 401
What are the prime factors of 141198?
2, 3, 101, 233
List the prime factors of 19876971.
3, 229, 28933
List the prime factors of 572896.
2, 17903
List the prime factors of 184554.
2, 3, 10253
What are the prime factors of 855811?
11, 77801
What are the prime factors of 194622?
2, 3, 163, 199
What are the prime factors of 10111206?
2, 3, 7, 240743
List the prime factors of 392175.
3, 5, 7, 83
What are the prime factors of 516216?
2, 3, 137, 157
List the prime factors of 1642199.
13, 126323
List the prime factors of 328462.
2, 164231
What are the prime factors of 214855?
5, 97, 443
What are the prime factors of 747494?
2, 11, 61, 557
What are the prime factors of 323098?
2, 73, 2213
What are the prime factors of 4668301?
11, 41, 941
What are the prime factors of 1870080?
2, 3, 5, 487
List the prime factors of 2473928.
2, 309241
List the prime factors of 224944.
2, 17, 827
List the prime factors of 761821.
17, 41, 1093
List the prime factors of 630979.
107, 5897
List the prime factors of 298752.
2, 3, 389
What are the prime factors of 268289?
7, 38327
What are the prime factors of 2721236?
2, 7, 97187
What are the prime factors of 33075782?
2, 89, 185819
List the prime factors of 4776738.
2, 3, 71, 11213
List the prime factors of 1984389.
3, 11, 60133
What are the prime factors of 23903071?
17, 269, 5227
What are the prime factors of 2188414?
2, 31, 47, 751
List the prime factors of 604982.
2, 7, 79, 547
What are the prime factors of 1008609?
3, 7, 48029
What are the prime factors of 9564376?
2, 1195547
List the prime factors of 1524874.
2, 13, 223, 263
List the prime factors of 2756863.
79, 34897
List the prime factors of 272401.
211, 1291
What are the prime factors of 3907656?
2, 3, 79, 229
What are the prime factors of 1513408?
2, 13, 17, 107
List the prime factors of 116207.
7, 13, 1277
What are the prime factors of 1941876?
2, 3, 17, 19, 167
List the prime factors of 1683711.
3, 29, 6451
What are the prime factors of 202898?
2, 101449
List the prime factors of 12987670.
2, 5, 59, 22013
List the prime factors of 110728.
2, 13841
List the prime factors of 18059044.
2, 19, 237619
What are the prime factors of 4530290?
2, 5, 453029
List